{"id":23004,"date":"2025-12-01T10:56:26","date_gmt":"2025-12-01T09:56:26","guid":{"rendered":"https:\/\/markeloop.de\/internetagentur\/?page_id=23004"},"modified":"2025-12-01T10:57:34","modified_gmt":"2025-12-01T09:57:34","slug":"wartung-hosting-sicherheit","status":"publish","type":"page","link":"https:\/\/markeloop.de\/internetagentur\/wartung-hosting-sicherheit\/","title":{"rendered":"Wartung. Hosting. Sicherheit."},"content":{"rendered":"<p>In den letzten Wochen haben wir immer wieder erlebt, wie Serveranbieter einfach Umstellungen an Servern durchf\u00fchren, die Ihr Tagesgesch\u00e4ft beeinflussen,\u00a0 es zu Ausf\u00e4llen von Websites oder generell langsam laufenden Servern kam. Zudem bieten viele alte Pakete keine modernen Sicherheitsstandards oder auch regelm\u00e4\u00dfige Sicherungen Ihrer Websites mehr an. Dies ist aus unserer Sicht essentiell f\u00fcr Sie.<\/p>\n<p>Mit unseren eigenen Wartungs- und Serverpaketen m\u00f6chten wir deshalb in Zukunft Serverpakete\u00a0 f\u00fcr Sie schaffen, bei denen Sie und wir volle Kontrolle \u00fcber alle Vorg\u00e4nge haben, die schnelle Ladezeiten der Seiten garantieren, schnellen Support und zudem auch regelm\u00e4\u00dfige Sicherungen der Daten durchf\u00fchren. Hierzu bieten wir deshalb f\u00fcr Sie ab 01.01.2026 die M\u00f6glichkeit Ihre Website direkt bei uns unterzubringen.<\/p>\n<p><img fetchpriority=\"high\" decoding=\"async\" class=\"alignnone size-large wp-image-23002\" src=\"https:\/\/markeloop.de\/internetagentur\/wp-content\/uploads\/sites\/3\/2025\/12\/Firefly-1024x747.png\" alt=\"\" width=\"1024\" height=\"747\" srcset=\"https:\/\/markeloop.de\/internetagentur\/wp-content\/uploads\/sites\/3\/2025\/12\/Firefly-1024x747.png 1024w, https:\/\/markeloop.de\/internetagentur\/wp-content\/uploads\/sites\/3\/2025\/12\/Firefly-300x219.png 300w, https:\/\/markeloop.de\/internetagentur\/wp-content\/uploads\/sites\/3\/2025\/12\/Firefly-768x560.png 768w, https:\/\/markeloop.de\/internetagentur\/wp-content\/uploads\/sites\/3\/2025\/12\/Firefly-980x715.png 980w, https:\/\/markeloop.de\/internetagentur\/wp-content\/uploads\/sites\/3\/2025\/12\/Firefly.png 1184w\" sizes=\"(max-width: 1024px) 100vw, 1024px\" \/><\/p>\n<h2><strong>Regelm\u00e4\u00dfige Wartung<\/strong><\/h2>\n<p>WordPress Websites sind heute sehr wartungsintensiv. Schlie\u00dfen Sie die Sicherheitsl\u00fccken nicht regelm\u00e4\u00dfig, laufen Sie Gefahr, dass Ihre Seite gehackt wird. Die Wiederherstellung und Bereinigung der Daten ist dann meist sehr kostenintensiv.<\/p>\n<p>Wir schlie\u00dfen Sicherheitsl\u00fccken durch Erweiterungen und regelm\u00e4\u00dfige Wartungen inkl. Backups.<\/p>\n<h3><strong>Preis Wartungspaket (j\u00e4hrlich):\u00a0<\/strong><strong>360,00 \u20ac<\/strong><\/h3>\n<p>&nbsp;<\/p>\n<h2><strong>Perfomance Hosting\u00a0<\/strong><\/h2>\n<p>Eine schnelle Website ist heute f\u00fcr Google und Co. sehr wichtig. Wir nutzen f\u00fcr Sie High-Performance Server Modelle, einen eigenen Serverplatz unabh\u00e4ngig von anderen Drittparteien und neuste Technologie &amp; Sicherheit. Zudem garantieren wir volle Kontrolle \u00fcber den Server ohne \u00fcberraschende \u00c4nderungen im Tagesgesch\u00e4ft.<\/p>\n<h3><strong>Preis Hostingpaket <\/strong><strong>(j\u00e4hrlich):\u00a0<\/strong><strong>250,00 \u20ac<\/strong><\/h3>\n<p>&nbsp;<\/p>\n<h2><strong>Sichern Sie sich jetzt einen Serverplatz bei uns\u00a0<\/strong><\/h2>\n<p>Sie wollen ab 2026 modern und sicher aufgestellt sein und keine Angst mehr vor Platzverlust bei Google und Co wegen langsamen Ladezeiten oder Sicherheitsl\u00fccken haben? Dann buchen Sie jetzt einen Serverplatz mit nachhaltiger Betreuung durch Markeloop.<\/p>\n<h3><strong>Wartungs- und Hostingpaket <\/strong><strong>(j\u00e4hrlich):\u00a0 <\/strong><strong>500,00 \u20ac\u00a0<\/strong><\/h3>\n","protected":false},"excerpt":{"rendered":"<p>In den letzten Wochen haben wir immer wieder erlebt, wie Serveranbieter einfach Umstellungen an Servern durchf\u00fchren, die Ihr Tagesgesch\u00e4ft beeinflussen,\u00a0 es zu Ausf\u00e4llen von Websites&hellip;<\/p>\n","protected":false},"author":1,"featured_media":0,"parent":0,"menu_order":0,"comment_status":"closed","ping_status":"closed","template":"","meta":{"rank_math_lock_modified_date":false,"footnotes":"","_links_to":"","_links_to_target":""},"class_list":["post-23004","page","type-page","status-publish","hentry"],"_links":{"self":[{"href":"https:\/\/markeloop.de\/internetagentur\/wp-json\/wp\/v2\/pages\/23004","targetHints":{"allow":["GET"]}}],"collection":[{"href":"https:\/\/markeloop.de\/internetagentur\/wp-json\/wp\/v2\/pages"}],"about":[{"href":"https:\/\/markeloop.de\/internetagentur\/wp-json\/wp\/v2\/types\/page"}],"author":[{"embeddable":true,"href":"https:\/\/markeloop.de\/internetagentur\/wp-json\/wp\/v2\/users\/1"}],"replies":[{"embeddable":true,"href":"https:\/\/markeloop.de\/internetagentur\/wp-json\/wp\/v2\/comments?post=23004"}],"version-history":[{"count":2,"href":"https:\/\/markeloop.de\/internetagentur\/wp-json\/wp\/v2\/pages\/23004\/revisions"}],"predecessor-version":[{"id":23006,"href":"https:\/\/markeloop.de\/internetagentur\/wp-json\/wp\/v2\/pages\/23004\/revisions\/23006"}],"wp:attachment":[{"href":"https:\/\/markeloop.de\/internetagentur\/wp-json\/wp\/v2\/media?parent=23004"}],"curies":[{"name":"wp","href":"https:\/\/api.w.org\/{rel}","templated":true}]}}