{"id":28,"date":"2011-02-14T20:16:44","date_gmt":"2011-02-14T19:16:44","guid":{"rendered":"https:\/\/markeloop.de"},"modified":"2023-06-21T21:45:38","modified_gmt":"2023-06-21T19:45:38","slug":"philosophie-der-marketingagentur-markeloop","status":"publish","type":"page","link":"https:\/\/markeloop.de\/internetagentur\/philosophie-der-marketingagentur-markeloop\/","title":{"rendered":"Marketing"},"content":{"rendered":"<figure id=\"attachment_3803\" aria-describedby=\"caption-attachment-3803\" style=\"width: 231px\" class=\"wp-caption alignright\"><a href=\"https:\/\/markeloop.de\/wp-content\/uploads\/2011\/02\/Ihr-Puzzleteil.pdf\" target=\"_blank\" rel=\"noopener\"><img decoding=\"async\" class=\" wp-image-3803\" src=\"https:\/\/markeloop.de\/wp-content\/uploads\/2011\/02\/puzzleteil.jpg\" alt=\"puzzleteil\" width=\"231\" height=\"173\" srcset=\"https:\/\/markeloop.de\/internetagentur\/wp-content\/uploads\/sites\/3\/2011\/02\/puzzleteil.jpg 765w, https:\/\/markeloop.de\/internetagentur\/wp-content\/uploads\/sites\/3\/2011\/02\/puzzleteil-300x224.jpg 300w\" sizes=\"(max-width: 231px) 100vw, 231px\" \/><\/a><figcaption id=\"caption-attachment-3803\" class=\"wp-caption-text\">Erfahren Sie mehr zu Markeloop<\/figcaption><\/figure>\n<h4 style=\"text-align: justify;\" align=\"LEFT\"><strong>Mein Name ist Daniel Hofmann und ich arbeite mit Puzzleteilen<\/span><\/strong><span style=\"font-family: Tahoma,Tahoma; font-size: small;\"><span style=\"font-family: Tahoma,Tahoma; font-size: small;\">! <\/span><\/h4>\n<p style=\"text-align: justify;\">Stellen Sie sich einmal einen Tisch gef\u00fcllt mit Ihren Marketingthemen in Form von Puzzleteilen vor. Die nicht ben\u00f6tigten Puzzleteile werden durch gezielte Beratung ausgesondert und alle \u00dcbrigen hinsichtlich Preis-Leistungsverh\u00e4ltnis und Ihrer aktuellen Wettbewerbsposition zu Ihrem individuellen Puzzleteil angepasst. Bekanntheit, neue Kunden und eine Br\u00fccke zum wirtschaftlichen Erfolg entstehen.<\/p>\n<p style=\"text-align: justify;\">Unternehmen w\u00fcnschen sich in der heutigen Zeit langfristige Ansprechpartner, die die Arbeitsweisen und die Produkte\/ Dienstleistungen verstehen und das Auftreten am Markt darauf abstimmen k\u00f6nnen.<\/p>\n<p style=\"text-align: justify;\">Das Internet entwickelt sich rasant und fast monatlich kommen neue verbesserte L\u00f6sungen auf den Markt. Dort einen \u00dcberblick zu behalten ist oftmals schwierig und auch zeitaufwendig.<\/p>\n<p style=\"text-align: justify;\"><a href=\"https:\/\/markeloop.de\/wp-content\/uploads\/2011\/02\/daniel-hofmann.png\"><img fetchpriority=\"high\" decoding=\"async\" class=\"alignright wp-image-1096\" title=\"daniel-hofmann\" src=\"https:\/\/markeloop.de\/wp-content\/uploads\/2011\/02\/daniel-hofmann-789x1024.png\" alt=\"\" width=\"318\" height=\"413\" \/><\/a>Fernab von zahlreichen Stichw\u00f6rtern angefangen von sozialen Netzwerken, Blogs und Onlineportalen \u00fcber Google, Suchmaschinenoptimierungen und Online-PR, betrachtet Markeloop Ihre Website zun\u00e4chst nach den Kunden und den Zielen, die Sie damit erreichen wollen.<\/p>\n<p style=\"text-align: justify;\">Zu oft werden in der Praxis \u00fcberteuerte L\u00f6sungen verkauft und nicht wirklich ben\u00f6tigt bzw. voll genutzt. Gerade f\u00fcr kleine und mittelst\u00e4ndische Unternehmen bieten sich sogenannte Content Management Systeme (CMS) an. Abgestimmt auf Ihre Anforderungen reicht das Angebot von einfachen L\u00f6sungen\u00a0 bis hin zu gro\u00dfen CMS-Systemen inklusive Online-Shops. Hierbei arbeiten wir mit WordPress und WooCommerce.<\/p>\n<p style=\"text-align: justify;\">Wenn auch Sie Ihr individuelles Puzzle kreieren m\u00f6chten, lernen Sie Markeloop und die Leistungen unverbindlich kennen.<\/p>\n","protected":false},"excerpt":{"rendered":"<p>Mein Name ist Daniel Hofmann und ich arbeite mit Puzzleteilen! Stellen Sie sich einmal einen Tisch gef\u00fcllt mit Ihren Marketingthemen in Form von Puzzleteilen vor.&hellip;<\/p>\n","protected":false},"author":1,"featured_media":0,"parent":0,"menu_order":1,"comment_status":"closed","ping_status":"closed","template":"","meta":{"rank_math_lock_modified_date":false,"footnotes":"","_links_to":"","_links_to_target":""},"class_list":["post-28","page","type-page","status-publish","hentry"],"_links":{"self":[{"href":"https:\/\/markeloop.de\/internetagentur\/wp-json\/wp\/v2\/pages\/28","targetHints":{"allow":["GET"]}}],"collection":[{"href":"https:\/\/markeloop.de\/internetagentur\/wp-json\/wp\/v2\/pages"}],"about":[{"href":"https:\/\/markeloop.de\/internetagentur\/wp-json\/wp\/v2\/types\/page"}],"author":[{"embeddable":true,"href":"https:\/\/markeloop.de\/internetagentur\/wp-json\/wp\/v2\/users\/1"}],"replies":[{"embeddable":true,"href":"https:\/\/markeloop.de\/internetagentur\/wp-json\/wp\/v2\/comments?post=28"}],"version-history":[{"count":5,"href":"https:\/\/markeloop.de\/internetagentur\/wp-json\/wp\/v2\/pages\/28\/revisions"}],"predecessor-version":[{"id":22685,"href":"https:\/\/markeloop.de\/internetagentur\/wp-json\/wp\/v2\/pages\/28\/revisions\/22685"}],"wp:attachment":[{"href":"https:\/\/markeloop.de\/internetagentur\/wp-json\/wp\/v2\/media?parent=28"}],"curies":[{"name":"wp","href":"https:\/\/api.w.org\/{rel}","templated":true}]}}